prime?
True
Is 3599025977 prime?
False
Is 1041615577 a composite number?
True
Is 585338659 composite?
True
Is 17865290117 a prime number?
True
Is 17528548969 composite?
True
Is 56334062831 a composite number?
True
Is 3699286907 a composite number?
False
Is 4636326281 a composite number?
False
Is 88060909 prime?
False
Is 14044136993 a prime number?
True
Is 86230087061 a prime number?
True
Is 115622483203 composite?
False
Is 72486719 prime?
True
Is 4310237293 prime?
False
Is 172830446279 composite?
False
Is 463546731 composite?
True
Is 2558863949 composite?
False
Is 344159243 composite?
False
Is 329736067 prime?
False
Is 3581560357 a prime number?
False
Is 228143686 composite?
True
Is 161575363 a prime number?
True
Is 5659484653 prime?
True
Is 72461303579 a composite number?
True
Is 608735161 a prime number?
True
Is 9118989497 prime?
False
Is 34121053445 composite?
True
Is 3514493051 prime?
False
Is 5450730254 composite?
True
Is 7868919458 composite?
True
Is 19160227343 a composite number?
False
Is 55124143 a prime number?
True
Is 2271422603 a prime number?
False
Is 17586994723 prime?
True
Is 58432195097 composite?
False
Is 33176006657 composite?
False
Is 259805503 prime?
True
Is 44505137 prime?
True
Is 328685611 composite?
False
Is 1301606899 prime?
False
Is 11951782939 composite?
False
Is 57030544189 a composite number?
False
Is 57531778909 a composite number?
True
Is 133392900007 prime?
True
Is 12841067387 composite?
True
Is 19611275653 prime?
True
Is 67268129887 a composite number?
True
Is 8381980697 a composite number?
True
Is 61047439 a prime number?
True
Is 5618911901 a prime number?
True
Is 10263813941 composite?
True
Is 152696837 prime?
True
Is 2081273027 prime?
True
Is 93141914243 prime?
False
Is 9068194939 a composite number?
False
Is 56792054513 a composite number?
True
Is 11227759139 a prime number?
True
Is 2691084127 a prime number?
True
Is 6206858909 composite?
False
Is 5405943379 a prime number?
False
Is 4894979389 composite?
True
Is 1167526681 a prime number?
False
Is 714308983 prime?
True
Is 2721590659 prime?
True
Is 807507409 a prime number?
True
Is 232767203 a composite number?
False
Is 2322855757 prime?
False
Is 8161761593 prime?
True
Is 1764439103 prime?
False
Is 16431041485 composite?
True
Is 16088459857 prime?
True
Is 10981237361 a prime number?
False
Is 572492123 prime?
False
Is 29166007067 a prime number?
True
Is 86925394627 a composite number?
False
Is 141827843 a composite number?
True
Is 1551897289 prime?
True
Is 3252820969 composite?
False
Is 854558149 prime?
True
Is 4721568649 prime?
False
Is 1840659943 a composite number?
False
Is 2449639337 a prime number?
False
Is 216515263 prime?
True
Is 10120233779 composite?
True
Is 299121788183 a composite number?
True
Is 357074083 a composite number?
True
Is 277284869 a prime number?
True
Is 483074101 a prime number?
True
Is 172257091 prime?
True
Is 100687337 a prime number?
True
Is 8545752647 prime?
False
Is 260429797 composite?
True
Is 1417127249 a composite number?
False
Is 516666311 a prime number?
False
Is 4076574701 a composite number?
True
Is 3490316729 composite?
True
Is 18636281 a composite number?
False
Is 7871275291 composite?
True
Is 111269274629 prime?
True
Is 234816907 composite?
True
Is 8068289849 a prime number?
True
Is 641712793 a composite number?
True
Is 4168473665 composite?
True
Is 24546367471 a prime number?
False
Is 232472761 composite?
False
Is 39123825571 a prime number?
True
Is 55655310133 a prime number?
True
Is 1724547581 prime?
True
Is 923323039 a composite number?
False
Is 1511929337 a composite number?
False
Is 1807422521 prime?
False
Is 3967473431 a prime number?
True
Is 12069790309 composite?
True
Is 15504652439 composite?
False
Is 3849792461 composite?
False
Is 232034078057 prime?
True
Is 8040114417 prime?
False
Is 16898846233 a composite number?
False
Is 495173557 prime?
False
Is 521462593 prime?
False
Is 246725821 composite?
True
Is 1352023723 composite?
True
Is 3278870554 prime?
False
Is 2007593593 prime?
False
Is 19468573337 prime?
False
Is 3217645631 a composite number?
True
Is 11940211351 a composite number?
False
Is 51091191239 prime?
False
Is 49459593217 composite?
True
Is 22216226509 prime?
True
Is 80578874263 composite?
False
Is 1036751993 a prime number?
True
Is 20342098555 a composite number?
True
Is 19516942931 composite?
False
Is 611225129 composite?
True
Is 113734254739 prime?
False
Is 138867647 a composite number?
False
Is 149952702461 composite?
False
Is 1716165467 prime?
True
Is 4133402921 composite?
True
Is 10877552857 composite?
False
Is 14257739833 a prime number?
True
Is 7557923041 a composite number?
False
Is 2447520839 composite?
False
Is 10917800779 a prime number?
True
Is 2632214969 a composite number?
False
Is 734564023 a composite number?
True
Is 349673747 a composite number?
False
Is 565511561 a prime number?
False
Is 1276119101 a composite number?
False
Is 265622579 a composite number?
False
Is 152502977 composite?
True
Is 1299068097 composite?
True
Is 28293605123 composite?
True
Is 1270922299 composite?
False
Is 2107042583 prime?
True
Is 6939496139 composite?
True
Is 633484523 a composite number?
True
Is 4451280299 prime?
True
Is 4673031911 composite?
False
Is 65532504737 prime?
False
Is 27687643 composite?
False
Is 7353888889 a prime number?
True
Is 812387291 a composite number?
False
Is 460206583 composite?
True
Is 60316042 composite?
True
Is 20859173437 composite?
True
Is 16728198913 a prime number?
True
Is 115752183 a prime number?
False
Is 8476693813 composite?
True
Is 721090835 prime?
False
Is 6103698959 a prime number?
True
Is 5653842347 composite?
True
Is 6542870599 a composite number?
False
Is 868952561 a composite number?
False
Is 19906369541 a prime number?
False
Is 1641808919 prime?
True
Is 21082607951 composite?
False
Is 1422977797 a composite number?
False
Is 725426599 composite?
False
Is 3848313451 a prime number?
False
Is 11208684463 prime?
False
Is 15688445117 prime?
True
Is 3148600043 a composite number?
True
Is 101536895347 composite?
False
Is 2096078459 composite?
False
Is 7811974923 composite?
True
Is 158275720067 a prime number?
False
Is 3080212805 composite?
True
Is 4969534651 a prime number?
True
Is 1082168081 a prime number?
True
Is 43972322261 a composite number?
True
Is 437796871 prime?
True
Is 112347346663 a prime number?
True
Is 3210730319 a prime number?
True
Is 789781933 a prime number?
True
Is 3157308685 a composite number?
True
Is 203811907 composite?
True
Is 106734365 a composite number?
True
Is 3622676459 a composite number?
False
Is 667979659 composite?
False
Is 832291 composite?
False
Is 885285707 prime?
True
Is 2056413103 a composite number?
False
Is 1882077563 prime?
False
Is 29682500489 a composite number?
False
Is 2260493413 composite?
False
Is 85997162207 a prime number?
False
Is 338729819 a composite number?
False
Is 189667139321 a prime number?
False
Is 21461541601 composite?
False
Is 1066102421 composite?
False
Is 540155429 prime?
False
Is 18854841569 composite?
False
Is 10839866623 prime?
True
Is 1152159049 a composite number?
True
Is 21534751991 a composite number?
True
Is 10160036423 prime?
False
Is 152228683 composite?
True
Is 305767673 composite?
False
Is 2136715351 a composite number?
True
Is 4623181267 a prime number?
True
Is 318167807 prime?
False
Is 7012596659 a composite number?
False
Is 7130568941 composite?
False
Is 27930661321 a composite number?
False
Is 1286383577 a composite number?
True
Is 334134821 prime?
True
Is 45428681041 composite?
False
Is 97209869947 a composite number?
False
Is 61505057989 a composite number?
False
Is 674609543 composite?
False
Is 381743503 a prime number?
True
Is 4880687021 a composite number?
True
Is 3739079731 a composite number?
False
Is 936838333 a composite number?
True
Is 8541227143 composite?
False
Is 8555570377 prime?
False
Is 32861932729 a composite number?
True
Is 9600929651 prime?
False
Is 8428638587 composite?
True
Is 30827226907 a composite number?
True
Is 1085432189 a composite number?
False
Is 2971625533 composite?
False
Is 754979161 a composite number?
False
Is 9353167529 a prime number?
True
Is 5759858851 a composite number?
False
Is 4665372167 composite?
False
Is 1581974347 a composite number?
True
Is